{"id":2003,"date":"2025-11-27T13:53:10","date_gmt":"2025-11-27T13:53:10","guid":{"rendered":"https:\/\/www.delconference.org\/2026\/?page_id=2003"},"modified":"2026-03-30T15:03:04","modified_gmt":"2026-03-30T14:03:04","slug":"2026-theme","status":"publish","type":"page","link":"https:\/\/www.delconference.org\/2026\/2026-theme\/","title":{"rendered":"Theme"},"content":{"rendered":"\n<h2 class=\"wp-block-heading\">Re(Des): Global Networks<\/h2>\n\n\n\n<p><strong>DEL Conference 2026<\/strong> will be on <strong>November 11-13, 2026<\/strong> and hosted by <strong>Chav\u00f3n La Escuela de Dise\u00f1o<\/strong> in Santo Domingo and Altos de Chav\u00f3n, La Romana, Dominican Republic. Since 2005, DEL, focused on emerging topics in art, design, and higher education and has been a collaborative, international gathering of educators, researchers, artists, and designers exploring how art and design education can evolve within and beyond the digital age.<\/p>\n\n\n\n<p>This year\u2019s conference embraces the idea of <strong>Global Networks <\/strong>\u2014 <em>Redes Globales<\/em>, a recognition that art and design education transcends physical, cultural, and disciplinary borders. At the intersection of local traditions and global practices, DEL 2026 will explore how educators, students, and practitioners in art and design <em>re<\/em>-create forms of learning, teaching, and community across geographies, languages, and ways of knowing.&nbsp;<\/p>\n\n\n\n<p>Conference fees and payment schedule will be made available when registration opens in July. We will also provide information about available scholarships for presenters and attendees<\/p>\n\n\n\n<p><strong>Submissions open:<\/strong>&nbsp;Tuesday 27 January 2026<\/p>\n\n\n\n<p><strong>Submissions close:<\/strong>\u00a0<s>Tuesday 31 March 2026<\/s> Wednesday 15 April at 11:59pm wherever you are in the world<\/p>\n\n\n\n<h3 class=\"wp-block-heading\">Conference Sub-themes<\/h3>\n\n\n\n<ol class=\"wp-block-list\">\n<li><strong>Re(Thinking) Pedagogies Without Borders<\/strong><br>Exploring innovative models of art and design teaching that bridge geographies, languages, and disciplines.<br><em>Examples<\/em>: Collaborative projects and networks between universities across different countries; bilingual\/multilingual approaches to teaching; curriculum models that address local-global dynamics.<br><\/li>\n\n\n\n<li><strong>Re(Imagining) Community and Identity<\/strong><br>Engagement with local and regional contexts\u2014how art and design education responds to place, culture, heritage, and identity, including issues of access and inclusive learning.<br><em>Examples<\/em>: Community-led design projects, accessibility and access, neurodiversity in studio teaching, decolonial and indigenous approaches to art and design, underserved communities.<br><\/li>\n\n\n\n<li><strong>Re(Making) Materials and Craft Futures&nbsp;<\/strong><br>The role of making, craft, and material experimentation in art and design education.<br><em>Examples<\/em>: Integrating craft traditions into contemporary design studios; sustainable materials; intersections between digital fabrication and artisanal practices.<br><\/li>\n\n\n\n<li><strong>Re(Connecting) Networked Practice<\/strong><br>Using systems, archives, and networks for innovative teaching and professional practice.&nbsp;<br><em>Examples<\/em>: Curatorial practice, online systems, archival research, machine learning, data collection, or visualization.&nbsp;<br><\/li>\n\n\n\n<li><strong>Re(Engaging) Digital Pedagogies<\/strong><br>Critical engagement with digital pedagogies as they intersect with art, design, and education<br><em>Examples<\/em>: Artificial Intelligence and machine learning in creative practice; VR\/AR in the classroom; networked collaboration across borders.<\/li>\n<\/ol>\n","protected":false},"excerpt":{"rendered":"<p>Re(Des): Global Networks DEL Conference 2026 will be on November 11-13, 2026 and hosted by Chav\u00f3n La Escuela de Dise\u00f1o in Santo Domingo and Altos de Chav\u00f3n, La Romana, Dominican&hellip;&nbsp;<a href=\"https:\/\/www.delconference.org\/2026\/2026-theme\/\" rel=\"bookmark\">Read More &raquo;<span class=\"screen-reader-text\">Theme<\/span><\/a><\/p>\n","protected":false},"author":3,"featured_media":0,"parent":0,"menu_order":0,"comment_status":"closed","ping_status":"closed","template":"","meta":{"_monsterinsights_skip_tracking":false,"_monsterinsights_sitenote_active":false,"_monsterinsights_sitenote_note":"","_monsterinsights_sitenote_category":0,"neve_meta_sidebar":"","neve_meta_container":"","neve_meta_enable_content_width":"","neve_meta_content_width":0,"neve_meta_title_alignment":"","neve_meta_author_avatar":"","neve_post_elements_order":"","neve_meta_disable_header":"","neve_meta_disable_footer":"","neve_meta_disable_title":"","footnotes":""},"class_list":["post-2003","page","type-page","status-publish","hentry"],"_links":{"self":[{"href":"https:\/\/www.delconference.org\/2026\/wp-json\/wp\/v2\/pages\/2003","targetHints":{"allow":["GET"]}}],"collection":[{"href":"https:\/\/www.delconference.org\/2026\/wp-json\/wp\/v2\/pages"}],"about":[{"href":"https:\/\/www.delconference.org\/2026\/wp-json\/wp\/v2\/types\/page"}],"author":[{"embeddable":true,"href":"https:\/\/www.delconference.org\/2026\/wp-json\/wp\/v2\/users\/3"}],"replies":[{"embeddable":true,"href":"https:\/\/www.delconference.org\/2026\/wp-json\/wp\/v2\/comments?post=2003"}],"version-history":[{"count":15,"href":"https:\/\/www.delconference.org\/2026\/wp-json\/wp\/v2\/pages\/2003\/revisions"}],"predecessor-version":[{"id":2215,"href":"https:\/\/www.delconference.org\/2026\/wp-json\/wp\/v2\/pages\/2003\/revisions\/2215"}],"wp:attachment":[{"href":"https:\/\/www.delconference.org\/2026\/wp-json\/wp\/v2\/media?parent=2003"}],"curies":[{"name":"wp","href":"https:\/\/api.w.org\/{rel}","templated":true}]}}

<h2 class="wp-block-heading">Re(Des): Global Networks</h2>



<p><strong>DEL Conference 2026</strong> will be on <strong>November 11-13, 2026</strong> and hosted by <strong>Chavón La Escuela de Diseño</strong> in Santo Domingo and Altos de Chavón, La Romana, Dominican Republic. Since 2005, DEL, focused on emerging topics in art, design, and higher education and has been a collaborative, international gathering of educators, researchers, artists, and designers exploring how art and design education can evolve within and beyond the digital age.</p>



<p>This year’s conference embraces the idea of <strong>Global Networks </strong>— <em>Redes Globales</em>, a recognition that art and design education transcends physical, cultural, and disciplinary borders. At the intersection of local traditions and global practices, DEL 2026 will explore how educators, students, and practitioners in art and design <em>re</em>-create forms of learning, teaching, and community across geographies, languages, and ways of knowing.&nbsp;</p>



<p>Conference fees and payment schedule will be made available when registration opens in July. We will also provide information about available scholarships for presenters and attendees</p>



<p><strong>Submissions open:</strong>&nbsp;Tuesday 27 January 2026</p>



<p><strong>Submissions close:</strong> <s>Tuesday 31 March 2026</s> Wednesday 15 April at 11:59pm wherever you are in the world</p>



<h3 class="wp-block-heading">Conference Sub-themes</h3>



<ol class="wp-block-list">
<li><strong>Re(Thinking) Pedagogies Without Borders</strong><br>Exploring innovative models of art and design teaching that bridge geographies, languages, and disciplines.<br><em>Examples</em>: Collaborative projects and networks between universities across different countries; bilingual/multilingual approaches to teaching; curriculum models that address local-global dynamics.<br></li>



<li><strong>Re(Imagining) Community and Identity</strong><br>Engagement with local and regional contexts—how art and design education responds to place, culture, heritage, and identity, including issues of access and inclusive learning.<br><em>Examples</em>: Community-led design projects, accessibility and access, neurodiversity in studio teaching, decolonial and indigenous approaches to art and design, underserved communities.<br></li>



<li><strong>Re(Making) Materials and Craft Futures&nbsp;</strong><br>The role of making, craft, and material experimentation in art and design education.<br><em>Examples</em>: Integrating craft traditions into contemporary design studios; sustainable materials; intersections between digital fabrication and artisanal practices.<br></li>



<li><strong>Re(Connecting) Networked Practice</strong><br>Using systems, archives, and networks for innovative teaching and professional practice.&nbsp;<br><em>Examples</em>: Curatorial practice, online systems, archival research, machine learning, data collection, or visualization.&nbsp;<br></li>



<li><strong>Re(Engaging) Digital Pedagogies</strong><br>Critical engagement with digital pedagogies as they intersect with art, design, and education<br><em>Examples</em>: Artificial Intelligence and machine learning in creative practice; VR/AR in the classroom; networked collaboration across borders.</li>
</ol>

<p>Re(Des): Global Networks DEL Conference 2026 will be on November 11-13, 2026 and hosted by Chavón La Escuela de Diseño in Santo Domingo and Altos de Chavón, La Romana, Dominican&hellip;&nbsp;<a href="https://www.delconference.org/2026/2026-theme/" rel="bookmark">Read More &raquo;<span class="screen-reader-text">Theme</span></a></p>
