{"id":2043,"date":"2026-01-12T12:51:04","date_gmt":"2026-01-12T12:51:04","guid":{"rendered":"https:\/\/www.delconference.org\/2026\/?page_id=2043"},"modified":"2026-03-30T15:05:22","modified_gmt":"2026-03-30T14:05:22","slug":"tema-de-2026","status":"publish","type":"page","link":"https:\/\/www.delconference.org\/2026\/tema-de-2026\/","title":{"rendered":"Tema"},"content":{"rendered":"\n<h2 class=\"wp-block-heading\"><strong>Re(Des): Global Networks<\/strong><\/h2>\n\n\n\n<p>La <strong>Conferencia DEL 2026<\/strong> se celebrar\u00e1 del <strong>11 al 13 de noviembre de 2026<\/strong> y ser\u00e1 organizada por <strong>Chav\u00f3n La Escuela de Dise\u00f1o<\/strong> en Santo Domingo y Altos de Chav\u00f3n, La Romana, Rep\u00fablica Dominicana. Desde 2005, DEL se ha centrado en temas emergentes en arte, dise\u00f1o y educaci\u00f3n superior y ha sido un encuentro colaborativo e internacional de educadores, investigadores, artistas y dise\u00f1adores que exploran c\u00f3mo la educaci\u00f3n en arte y dise\u00f1o puede evolucionar dentro y fuera de la era digital.<br><br>La conferencia de este a\u00f1o adopta la idea de <strong>Redes Globales<\/strong>\u2014<em>Global Networks<\/em>, que reconoce que la educaci\u00f3n en arte y dise\u00f1o trasciende las fronteras f\u00edsicas, culturales y disciplinares. En la intersecci\u00f3n de las tradiciones locales y las pr\u00e1cticas globales, DEL 2026 explorar\u00e1 c\u00f3mo los educadores, estudiantes y profesionales del arte y el dise\u00f1o <em>re<\/em>-crean formas de aprendizaje, ense\u00f1anza y comunidad a trav\u00e9s de geograf\u00edas, idiomas y formas de conocimiento.<\/p>\n\n\n\n<p>Las tarifas de la conferencia y el calendario de pagos estar\u00e1n disponibles cuando se abra la inscripci\u00f3n en julio. Tambi\u00e9n brindaremos informaci\u00f3n sobre becas disponibles para ponentes y asistentes.<br><strong><br>Apertura de la convocatoria<\/strong>: martes 27 de enero de 2026<\/p>\n\n\n\n<p><strong>Cierre de la convocatoria:\u00a0<\/strong><s>martes 31 de marzo<\/s> mi\u00e9rcoles 15 de abril de 2026 a las 23:59 (hora local, de donde quiera que se encuentre en el mundo)<\/p>\n\n\n\n<h3 class=\"wp-block-heading\">Subtemas de la conferencia<\/h3>\n\n\n\n<ol class=\"wp-block-list\">\n<li><strong>Re(Pensando) Pedagog\u00edas Sin Fronteras<\/strong><br>Explorando modelos innovadores de ense\u00f1anza de arte y dise\u00f1o que conectan geograf\u00edas, idiomas y disciplinas.<br><em>Ejemplos<\/em>: Proyectos colaborativos y redes entre universidades de diferentes pa\u00edses, enfoques biling\u00fces\/multiling\u00fces para la ense\u00f1anza, modelos curriculares que abordan din\u00e1micas locales-globales.<br><\/li>\n\n\n\n<li><strong>Re(Imaginando) Comunidad e Identidad<\/strong><br>Compromiso con los contextos locales y regionales: c\u00f3mo la educaci\u00f3n en arte y dise\u00f1o responde al lugar, la cultura, el patrimonio y la identidad, incluyendo cuestiones de acceso y aprendizaje inclusivo.<br><em>Ejemplos<\/em>: Proyectos de dise\u00f1o liderados por la comunidad, accesibilidad y acceso, neurodiversidad en la ense\u00f1anza en estudio, enfoques descoloniales e ind\u00edgenas del arte y el dise\u00f1o, comunidades vulnerables.<br><\/li>\n\n\n\n<li><strong>Re(Creando), Materiales y Futuros Artesanales<\/strong><br>El rol de la creaci\u00f3n, la artesan\u00eda y la experimentaci\u00f3n con materiales en la educaci\u00f3n en arte y dise\u00f1o.<br><em>Ejemplos: <\/em>Integraci\u00f3n de las tradiciones artesanales en los estudios de dise\u00f1o contempor\u00e1neos; materiales sostenibles; intersecciones entre la fabricaci\u00f3n digital y las pr\u00e1cticas artesanales.<br><\/li>\n\n\n\n<li><strong>Re(Conectando) Pr\u00e1cticas Entrelazadas<\/strong><br>Uso de sistemas, archivos y redes para la ense\u00f1anza innovadora y la pr\u00e1ctica profesional.<br><em>Ejemplos<\/em>: Pr\u00e1ctica curatorial, sistemas en l\u00ednea, investigaci\u00f3n de archivos, aprendizaje autom\u00e1tico, recopilaci\u00f3n o visualizaci\u00f3n de datos.<br><\/li>\n\n\n\n<li><strong>Re(Involucrando) Pedagog\u00edas Digitales<\/strong><br>Compromiso cr\u00edtico con las pedagog\u00edas digitales en su intersecci\u00f3n con el arte, el dise\u00f1o y la educaci\u00f3n.<br><em>Ejemplos:<\/em> Inteligencia artificial y aprendizaje autom\u00e1tico en la pr\u00e1ctica creativa, realidad virtual\/aumentada en el aula, colaboraci\u00f3n en red atravesando fronteras.<\/li>\n<\/ol>\n","protected":false},"excerpt":{"rendered":"<p>Re(Des): Global Networks La Conferencia DEL 2026 se celebrar\u00e1 del 11 al 13 de noviembre de 2026 y ser\u00e1 organizada por Chav\u00f3n La Escuela de Dise\u00f1o en Santo Domingo y&hellip;&nbsp;<a href=\"https:\/\/www.delconference.org\/2026\/tema-de-2026\/\" rel=\"bookmark\">Read More &raquo;<span class=\"screen-reader-text\">Tema<\/span><\/a><\/p>\n","protected":false},"author":2,"featured_media":0,"parent":0,"menu_order":0,"comment_status":"closed","ping_status":"closed","template":"","meta":{"_monsterinsights_skip_tracking":false,"_monsterinsights_sitenote_active":false,"_monsterinsights_sitenote_note":"","_monsterinsights_sitenote_category":0,"neve_meta_sidebar":"","neve_meta_container":"","neve_meta_enable_content_width":"","neve_meta_content_width":0,"neve_meta_title_alignment":"","neve_meta_author_avatar":"","neve_post_elements_order":"","neve_meta_disable_header":"","neve_meta_disable_footer":"","neve_meta_disable_title":"","footnotes":""},"class_list":["post-2043","page","type-page","status-publish","hentry"],"_links":{"self":[{"href":"https:\/\/www.delconference.org\/2026\/wp-json\/wp\/v2\/pages\/2043","targetHints":{"allow":["GET"]}}],"collection":[{"href":"https:\/\/www.delconference.org\/2026\/wp-json\/wp\/v2\/pages"}],"about":[{"href":"https:\/\/www.delconference.org\/2026\/wp-json\/wp\/v2\/types\/page"}],"author":[{"embeddable":true,"href":"https:\/\/www.delconference.org\/2026\/wp-json\/wp\/v2\/users\/2"}],"replies":[{"embeddable":true,"href":"https:\/\/www.delconference.org\/2026\/wp-json\/wp\/v2\/comments?post=2043"}],"version-history":[{"count":6,"href":"https:\/\/www.delconference.org\/2026\/wp-json\/wp\/v2\/pages\/2043\/revisions"}],"predecessor-version":[{"id":2219,"href":"https:\/\/www.delconference.org\/2026\/wp-json\/wp\/v2\/pages\/2043\/revisions\/2219"}],"wp:attachment":[{"href":"https:\/\/www.delconference.org\/2026\/wp-json\/wp\/v2\/media?parent=2043"}],"curies":[{"name":"wp","href":"https:\/\/api.w.org\/{rel}","templated":true}]}}

<h2 class="wp-block-heading"><strong>Re(Des): Global Networks</strong></h2>



<p>La <strong>Conferencia DEL 2026</strong> se celebrará del <strong>11 al 13 de noviembre de 2026</strong> y será organizada por <strong>Chavón La Escuela de Diseño</strong> en Santo Domingo y Altos de Chavón, La Romana, República Dominicana. Desde 2005, DEL se ha centrado en temas emergentes en arte, diseño y educación superior y ha sido un encuentro colaborativo e internacional de educadores, investigadores, artistas y diseñadores que exploran cómo la educación en arte y diseño puede evolucionar dentro y fuera de la era digital.<br><br>La conferencia de este año adopta la idea de <strong>Redes Globales</strong>—<em>Global Networks</em>, que reconoce que la educación en arte y diseño trasciende las fronteras físicas, culturales y disciplinares. En la intersección de las tradiciones locales y las prácticas globales, DEL 2026 explorará cómo los educadores, estudiantes y profesionales del arte y el diseño <em>re</em>-crean formas de aprendizaje, enseñanza y comunidad a través de geografías, idiomas y formas de conocimiento.</p>



<p>Las tarifas de la conferencia y el calendario de pagos estarán disponibles cuando se abra la inscripción en julio. También brindaremos información sobre becas disponibles para ponentes y asistentes.<br><strong><br>Apertura de la convocatoria</strong>: martes 27 de enero de 2026</p>



<p><strong>Cierre de la convocatoria: </strong><s>martes 31 de marzo</s> miércoles 15 de abril de 2026 a las 23:59 (hora local, de donde quiera que se encuentre en el mundo)</p>



<h3 class="wp-block-heading">Subtemas de la conferencia</h3>



<ol class="wp-block-list">
<li><strong>Re(Pensando) Pedagogías Sin Fronteras</strong><br>Explorando modelos innovadores de enseñanza de arte y diseño que conectan geografías, idiomas y disciplinas.<br><em>Ejemplos</em>: Proyectos colaborativos y redes entre universidades de diferentes países, enfoques bilingües/multilingües para la enseñanza, modelos curriculares que abordan dinámicas locales-globales.<br></li>



<li><strong>Re(Imaginando) Comunidad e Identidad</strong><br>Compromiso con los contextos locales y regionales: cómo la educación en arte y diseño responde al lugar, la cultura, el patrimonio y la identidad, incluyendo cuestiones de acceso y aprendizaje inclusivo.<br><em>Ejemplos</em>: Proyectos de diseño liderados por la comunidad, accesibilidad y acceso, neurodiversidad en la enseñanza en estudio, enfoques descoloniales e indígenas del arte y el diseño, comunidades vulnerables.<br></li>



<li><strong>Re(Creando), Materiales y Futuros Artesanales</strong><br>El rol de la creación, la artesanía y la experimentación con materiales en la educación en arte y diseño.<br><em>Ejemplos: </em>Integración de las tradiciones artesanales en los estudios de diseño contemporáneos; materiales sostenibles; intersecciones entre la fabricación digital y las prácticas artesanales.<br></li>



<li><strong>Re(Conectando) Prácticas Entrelazadas</strong><br>Uso de sistemas, archivos y redes para la enseñanza innovadora y la práctica profesional.<br><em>Ejemplos</em>: Práctica curatorial, sistemas en línea, investigación de archivos, aprendizaje automático, recopilación o visualización de datos.<br></li>



<li><strong>Re(Involucrando) Pedagogías Digitales</strong><br>Compromiso crítico con las pedagogías digitales en su intersección con el arte, el diseño y la educación.<br><em>Ejemplos:</em> Inteligencia artificial y aprendizaje automático en la práctica creativa, realidad virtual/aumentada en el aula, colaboración en red atravesando fronteras.</li>
</ol>

<p>Re(Des): Global Networks La Conferencia DEL 2026 se celebrará del 11 al 13 de noviembre de 2026 y será organizada por Chavón La Escuela de Diseño en Santo Domingo y&hellip;&nbsp;<a href="https://www.delconference.org/2026/tema-de-2026/" rel="bookmark">Read More &raquo;<span class="screen-reader-text">Tema</span></a></p>
