{"id":2051,"date":"2026-01-15T18:15:33","date_gmt":"2026-01-15T18:15:33","guid":{"rendered":"https:\/\/www.delconference.org\/2026\/?page_id=2051"},"modified":"2026-03-30T15:02:36","modified_gmt":"2026-03-30T14:02:36","slug":"home","status":"publish","type":"page","link":"https:\/\/www.delconference.org\/2026\/","title":{"rendered":"Home &#8211; English"},"content":{"rendered":"\n<div style=\"height:40px\" aria-hidden=\"true\" class=\"wp-block-spacer\"><\/div>\n\n\n\n<div class=\"wp-block-columns is-layout-flex wp-container-core-columns-is-layout-62db62f3 wp-block-columns-is-layout-flex\" style=\"padding-top:0;padding-bottom:0\">\n<div class=\"wp-block-column is-layout-flow wp-block-column-is-layout-flow\" style=\"padding-right:var(--wp--preset--spacing--30);padding-left:var(--wp--preset--spacing--30)\">\n<figure class=\"wp-block-image size-large\"><img loading=\"lazy\" decoding=\"async\" width=\"1024\" height=\"608\" src=\"https:\/\/www.delconference.org\/2026\/wp-content\/uploads\/2026\/01\/DEL_Chavon_HomePage_Temp_Cropped-1024x608.png\" alt=\"*Students from Chav\u00f3n, La Escuela de Dise\u00f1o, during a mindfulness breathing exercise, are introduced to theories about time and sound. Guided by Anabelle Grull\u00f3n, a Chav\u00f3n alumna. *Estudiantes de Chav\u00f3n, de La Escuela de Dise\u00f1o, durante un ejercicio de respiraci\u00f3n de mindfulness que introduce teor\u00edas sobre tiempo y sonido. Guiado por Anabelle Grull\u00f3n, egresada de Chav\u00f3n.\" class=\"wp-image-2036\" srcset=\"https:\/\/www.delconference.org\/2026\/wp-content\/uploads\/2026\/01\/DEL_Chavon_HomePage_Temp_Cropped-1024x608.png 1024w, https:\/\/www.delconference.org\/2026\/wp-content\/uploads\/2026\/01\/DEL_Chavon_HomePage_Temp_Cropped-300x178.png 300w, https:\/\/www.delconference.org\/2026\/wp-content\/uploads\/2026\/01\/DEL_Chavon_HomePage_Temp_Cropped-768x456.png 768w, https:\/\/www.delconference.org\/2026\/wp-content\/uploads\/2026\/01\/DEL_Chavon_HomePage_Temp_Cropped-1536x912.png 1536w, https:\/\/www.delconference.org\/2026\/wp-content\/uploads\/2026\/01\/DEL_Chavon_HomePage_Temp_Cropped.png 1920w\" sizes=\"auto, (max-width: 1024px) 100vw, 1024px\" \/><figcaption class=\"wp-element-caption\">Students from Chav\u00f3n, La Escuela de Dise\u00f1o, during a mindfulness breathing exercise, are introduced to theories about time and sound. Guided by Anabelle Grull\u00f3n, a Chav\u00f3n alumna. <\/figcaption><\/figure>\n<\/div>\n\n\n\n<div class=\"wp-block-column is-layout-flow wp-block-column-is-layout-flow\" style=\"padding-top:0;padding-right:var(--wp--preset--spacing--30);padding-bottom:0;padding-left:var(--wp--preset--spacing--30)\">\n<h2 class=\"wp-block-heading\">Re(Des): Global Networks<\/h2>\n\n\n\n<p class=\"has-text-align-left has-neve-link-color-color has-text-color has-link-color wp-elements-7cca77c088b04a487d918570e0a392f1\">&nbsp;\ud83c\udf10 <a href=\"https:\/\/www.delconference.org\/2026\/home-espanol\/\" data-type=\"page\" data-id=\"2126\"><strong>Traducir al espa\u00f1ol<\/strong><\/a><\/p>\n\n\n\n<p>DEL is a community of practice, scholarship, teaching, and learning. We host a biannual DEL Conference (next one planned for 2026) and monthly online peer reviewed DEL In Between<sup>PR<\/sup> webinars. We welcome educators, students, researchers, technicians, instructional designers, artists, makers, art historians, digital humanities scholars, and others across all creative disciplines.<\/p>\n\n\n\n<p>Sign up now for the upcoming DEL In Between<sup>PR<\/sup> occurring monthly through May 2026.<\/p>\n\n\n\n<p><strong>DEL Conference 2026<\/strong> will be on <strong>November 11-13, 2026<\/strong> and hosted by <strong>Chav\u00f3n La Escuela de Dise\u00f1o<\/strong> in Santo Domingo and Altos de Chav\u00f3n, La Romana, Dominican Republic.<\/p>\n\n\n\n<p><strong>Submissions open:<\/strong>&nbsp;Tuesday 27 January 2026<\/p>\n\n\n\n<p><strong>Submissions close:<\/strong>\u00a0<s>Tuesday 31 March 2026<\/s> Wednesday 15 April at 11:59pm wherever you are in the world<\/p>\n\n\n\n<div class=\"wp-block-buttons is-layout-flex wp-block-buttons-is-layout-flex\" style=\"padding-top:var(--wp--preset--spacing--20);padding-bottom:var(--wp--preset--spacing--20)\">\n<div class=\"wp-block-button is-style-primary\"><a class=\"wp-block-button__link has-nv-text-dark-bg-color has-neve-link-color-background-color has-text-color has-background has-link-color wp-element-button\" href=\"https:\/\/www.delconference.org\/2026\/2026-theme\/\">Read about the DEL 2026 theme<\/a><\/div>\n\n\n\n<div class=\"wp-block-button is-style-primary\"><a class=\"wp-block-button__link has-nv-text-dark-bg-color has-neve-link-color-background-color has-text-color has-background has-link-color wp-element-button\" href=\"https:\/\/www.delconference.org\/2026\/submit-a-proposal-2026\/\">Submit a proposal to DEL 2026<\/a><\/div>\n<\/div>\n\n\n\n<div class=\"wp-block-buttons is-layout-flex wp-block-buttons-is-layout-flex\" style=\"padding-top:var(--wp--preset--spacing--20);padding-bottom:var(--wp--preset--spacing--20)\">\n<div class=\"wp-block-button is-style-primary\"><a class=\"wp-block-button__link has-nv-text-dark-bg-color has-neve-link-color-background-color has-text-color has-background has-link-color wp-element-button\" href=\"https:\/\/www.delconference.org\/2025\/del-in-between-pr-2025-2026\/\">Sign up for DEL in Between (PR)<\/a><\/div>\n\n\n\n<div class=\"wp-block-button is-style-primary\"><a class=\"wp-block-button__link has-nv-text-dark-bg-color has-neve-link-color-background-color has-text-color has-background has-link-color wp-element-button\" href=\"https:\/\/mailchi.mp\/ac38ddd77840\/del-conference-newsletter-sign-up\">Sign up for our newsletter<\/a><\/div>\n<\/div>\n<\/div>\n<\/div>\n\n\n\n<p><\/p>\n","protected":false},"excerpt":{"rendered":"<p>Re(Des): Global Networks &nbsp;\ud83c\udf10 Traducir al espa\u00f1ol DEL is a community of practice, scholarship, teaching, and learning. We host a biannual DEL Conference (next one planned for 2026) and monthly&hellip;&nbsp;<a href=\"https:\/\/www.delconference.org\/2026\/\" rel=\"bookmark\">Read More &raquo;<span class=\"screen-reader-text\">Home &#8211; English<\/span><\/a><\/p>\n","protected":false},"author":2,"featured_media":0,"parent":0,"menu_order":0,"comment_status":"closed","ping_status":"closed","template":"page-templates\/template-pagebuilder-full-width.php","meta":{"_monsterinsights_skip_tracking":false,"_monsterinsights_sitenote_active":false,"_monsterinsights_sitenote_note":"","_monsterinsights_sitenote_category":0,"neve_meta_sidebar":"","neve_meta_container":"","neve_meta_enable_content_width":"","neve_meta_content_width":0,"neve_meta_title_alignment":"","neve_meta_author_avatar":"","neve_post_elements_order":"","neve_meta_disable_header":"","neve_meta_disable_footer":"","neve_meta_disable_title":"","footnotes":""},"class_list":["post-2051","page","type-page","status-publish","hentry"],"_links":{"self":[{"href":"https:\/\/www.delconference.org\/2026\/wp-json\/wp\/v2\/pages\/2051","targetHints":{"allow":["GET"]}}],"collection":[{"href":"https:\/\/www.delconference.org\/2026\/wp-json\/wp\/v2\/pages"}],"about":[{"href":"https:\/\/www.delconference.org\/2026\/wp-json\/wp\/v2\/types\/page"}],"author":[{"embeddable":true,"href":"https:\/\/www.delconference.org\/2026\/wp-json\/wp\/v2\/users\/2"}],"replies":[{"embeddable":true,"href":"https:\/\/www.delconference.org\/2026\/wp-json\/wp\/v2\/comments?post=2051"}],"version-history":[{"count":73,"href":"https:\/\/www.delconference.org\/2026\/wp-json\/wp\/v2\/pages\/2051\/revisions"}],"predecessor-version":[{"id":2214,"href":"https:\/\/www.delconference.org\/2026\/wp-json\/wp\/v2\/pages\/2051\/revisions\/2214"}],"wp:attachment":[{"href":"https:\/\/www.delconference.org\/2026\/wp-json\/wp\/v2\/media?parent=2051"}],"curies":[{"name":"wp","href":"https:\/\/api.w.org\/{rel}","templated":true}]}}

<div style="height:40px" aria-hidden="true" class="wp-block-spacer"></div>



<div class="wp-block-columns is-layout-flex wp-container-core-columns-is-layout-62db62f3 wp-block-columns-is-layout-flex" style="padding-top:0;padding-bottom:0">
<div class="wp-block-column is-layout-flow wp-block-column-is-layout-flow" style="padding-right:var(--wp--preset--spacing--30);padding-left:var(--wp--preset--spacing--30)">
<figure class="wp-block-image size-large"><img loading="lazy" decoding="async" width="1024" height="608" src="https://www.delconference.org/2026/wp-content/uploads/2026/01/DEL_Chavon_HomePage_Temp_Cropped-1024x608.png" alt="*Students from Chavón, La Escuela de Diseño, during a mindfulness breathing exercise, are introduced to theories about time and sound. Guided by Anabelle Grullón, a Chavón alumna. *Estudiantes de Chavón, de La Escuela de Diseño, durante un ejercicio de respiración de mindfulness que introduce teorías sobre tiempo y sonido. Guiado por Anabelle Grullón, egresada de Chavón." class="wp-image-2036" srcset="https://www.delconference.org/2026/wp-content/uploads/2026/01/DEL_Chavon_HomePage_Temp_Cropped-1024x608.png 1024w, https://www.delconference.org/2026/wp-content/uploads/2026/01/DEL_Chavon_HomePage_Temp_Cropped-300x178.png 300w, https://www.delconference.org/2026/wp-content/uploads/2026/01/DEL_Chavon_HomePage_Temp_Cropped-768x456.png 768w, https://www.delconference.org/2026/wp-content/uploads/2026/01/DEL_Chavon_HomePage_Temp_Cropped-1536x912.png 1536w, https://www.delconference.org/2026/wp-content/uploads/2026/01/DEL_Chavon_HomePage_Temp_Cropped.png 1920w" sizes="auto, (max-width: 1024px) 100vw, 1024px" /><figcaption class="wp-element-caption">Students from Chavón, La Escuela de Diseño, during a mindfulness breathing exercise, are introduced to theories about time and sound. Guided by Anabelle Grullón, a Chavón alumna. </figcaption></figure>
</div>



<div class="wp-block-column is-layout-flow wp-block-column-is-layout-flow" style="padding-top:0;padding-right:var(--wp--preset--spacing--30);padding-bottom:0;padding-left:var(--wp--preset--spacing--30)">
<h2 class="wp-block-heading">Re(Des): Global Networks</h2>



<p class="has-text-align-left has-neve-link-color-color has-text-color has-link-color wp-elements-7cca77c088b04a487d918570e0a392f1">&nbsp;🌐 <a href="https://www.delconference.org/2026/home-espanol/" data-type="page" data-id="2126"><strong>Traducir al español</strong></a></p>



<p>DEL is a community of practice, scholarship, teaching, and learning. We host a biannual DEL Conference (next one planned for 2026) and monthly online peer reviewed DEL In Between<sup>PR</sup> webinars. We welcome educators, students, researchers, technicians, instructional designers, artists, makers, art historians, digital humanities scholars, and others across all creative disciplines.</p>



<p>Sign up now for the upcoming DEL In Between<sup>PR</sup> occurring monthly through May 2026.</p>



<p><strong>DEL Conference 2026</strong> will be on <strong>November 11-13, 2026</strong> and hosted by <strong>Chavón La Escuela de Diseño</strong> in Santo Domingo and Altos de Chavón, La Romana, Dominican Republic.</p>



<p><strong>Submissions open:</strong>&nbsp;Tuesday 27 January 2026</p>



<p><strong>Submissions close:</strong> <s>Tuesday 31 March 2026</s> Wednesday 15 April at 11:59pm wherever you are in the world</p>



<div class="wp-block-buttons is-layout-flex wp-block-buttons-is-layout-flex" style="padding-top:var(--wp--preset--spacing--20);padding-bottom:var(--wp--preset--spacing--20)">
<div class="wp-block-button is-style-primary"><a class="wp-block-button__link has-nv-text-dark-bg-color has-neve-link-color-background-color has-text-color has-background has-link-color wp-element-button" href="https://www.delconference.org/2026/2026-theme/">Read about the DEL 2026 theme</a></div>



<div class="wp-block-button is-style-primary"><a class="wp-block-button__link has-nv-text-dark-bg-color has-neve-link-color-background-color has-text-color has-background has-link-color wp-element-button" href="https://www.delconference.org/2026/submit-a-proposal-2026/">Submit a proposal to DEL 2026</a></div>
</div>



<div class="wp-block-buttons is-layout-flex wp-block-buttons-is-layout-flex" style="padding-top:var(--wp--preset--spacing--20);padding-bottom:var(--wp--preset--spacing--20)">
<div class="wp-block-button is-style-primary"><a class="wp-block-button__link has-nv-text-dark-bg-color has-neve-link-color-background-color has-text-color has-background has-link-color wp-element-button" href="https://www.delconference.org/2025/del-in-between-pr-2025-2026/">Sign up for DEL in Between (PR)</a></div>



<div class="wp-block-button is-style-primary"><a class="wp-block-button__link has-nv-text-dark-bg-color has-neve-link-color-background-color has-text-color has-background has-link-color wp-element-button" href="https://mailchi.mp/ac38ddd77840/del-conference-newsletter-sign-up">Sign up for our newsletter</a></div>
</div>
</div>
</div>



<p></p>

<p>Re(Des): Global Networks &nbsp;🌐 Traducir al español DEL is a community of practice, scholarship, teaching, and learning. We host a biannual DEL Conference (next one planned for 2026) and monthly&hellip;&nbsp;<a href="https://www.delconference.org/2026/" rel="bookmark">Read More &raquo;<span class="screen-reader-text">Home &#8211; English</span></a></p>
