{"id":2126,"date":"2026-01-15T18:16:06","date_gmt":"2026-01-15T18:16:06","guid":{"rendered":"https:\/\/www.delconference.org\/2026\/?page_id=2126"},"modified":"2026-04-29T13:35:35","modified_gmt":"2026-04-29T12:35:35","slug":"home-espanol","status":"publish","type":"page","link":"https:\/\/www.delconference.org\/2026\/home-espanol\/","title":{"rendered":"Home &#8211; espa\u00f1ol"},"content":{"rendered":"\n<div style=\"height:40px\" aria-hidden=\"true\" class=\"wp-block-spacer\"><\/div>\n\n\n\n<div class=\"wp-block-columns is-layout-flex wp-container-core-columns-is-layout-62db62f3 wp-block-columns-is-layout-flex\" style=\"padding-top:0;padding-bottom:0\">\n<div class=\"wp-block-column is-layout-flow wp-block-column-is-layout-flow\" style=\"padding-right:var(--wp--preset--spacing--30);padding-left:var(--wp--preset--spacing--30)\">\n<figure class=\"wp-block-image size-large\"><img loading=\"lazy\" decoding=\"async\" width=\"1024\" height=\"608\" src=\"https:\/\/www.delconference.org\/2026\/wp-content\/uploads\/2026\/01\/DEL_Chavon_HomePage_Temp_Cropped-1024x608.png\" alt=\"*Students from Chav\u00f3n, La Escuela de Dise\u00f1o, during a mindfulness breathing exercise, are introduced to theories about time and sound. Guided by Anabelle Grull\u00f3n, a Chav\u00f3n alumna. *Estudiantes de Chav\u00f3n, de La Escuela de Dise\u00f1o, durante un ejercicio de respiraci\u00f3n de mindfulness que introduce teor\u00edas sobre tiempo y sonido. Guiado por Anabelle Grull\u00f3n, egresada de Chav\u00f3n.\" class=\"wp-image-2036\" srcset=\"https:\/\/www.delconference.org\/2026\/wp-content\/uploads\/2026\/01\/DEL_Chavon_HomePage_Temp_Cropped-1024x608.png 1024w, https:\/\/www.delconference.org\/2026\/wp-content\/uploads\/2026\/01\/DEL_Chavon_HomePage_Temp_Cropped-300x178.png 300w, https:\/\/www.delconference.org\/2026\/wp-content\/uploads\/2026\/01\/DEL_Chavon_HomePage_Temp_Cropped-768x456.png 768w, https:\/\/www.delconference.org\/2026\/wp-content\/uploads\/2026\/01\/DEL_Chavon_HomePage_Temp_Cropped-1536x912.png 1536w, https:\/\/www.delconference.org\/2026\/wp-content\/uploads\/2026\/01\/DEL_Chavon_HomePage_Temp_Cropped.png 1920w\" sizes=\"auto, (max-width: 1024px) 100vw, 1024px\" \/><figcaption class=\"wp-element-caption\">Estudiantes de Chav\u00f3n, de La Escuela de Dise\u00f1o, durante un ejercicio de respiraci\u00f3n de mindfulness que introduce teor\u00edas sobre tiempo y sonido. Guiado por Anabelle Grull\u00f3n, egresada de Chav\u00f3n.<\/figcaption><\/figure>\n<\/div>\n\n\n\n<div class=\"wp-block-column is-layout-flow wp-block-column-is-layout-flow\" style=\"padding-top:0;padding-right:var(--wp--preset--spacing--30);padding-bottom:0;padding-left:var(--wp--preset--spacing--30)\">\n<h2 class=\"wp-block-heading\">Temas emergentes en arte, dise\u00f1o, y educaci\u00f3n superior<\/h2>\n\n\n\n<p class=\"has-text-align-left has-neve-link-color-color has-text-color has-link-color wp-elements-c30298299e913af522aab8ebb6a17e58\">&nbsp;\ud83c\udf10 <strong><a href=\"https:\/\/www.delconference.org\/2026\/\" data-type=\"page\" data-id=\"491\">Translate to English<\/a><\/strong><\/p>\n\n\n\n<p>DEL es una comunidad de pr\u00e1ctica, investigaci\u00f3n, docencia y aprendizaje. Organizamos la conferencia bienal DEL (la pr\u00f3xima est\u00e1 prevista para noviembre de 2026) y seminarios web mensuales en l\u00ednea, con revisi\u00f3n por pares, titulados DEL In Between<sup>PR<\/sup>. Damos la bienvenida a educadores, estudiantes, investigadores, t\u00e9cnicos, dise\u00f1adores instruccionales, artistas, creadores, historiadores del arte, especialistas en humanidades digitales y otros profesionales de todas las disciplinas creativas.<\/p>\n\n\n\n<p>Inscr\u00edbase ahora en los pr\u00f3ximos seminarios en l\u00ednea DEL In Between<sup>PR<\/sup>, que se celebrar\u00e1n mensualmente hasta mayo de 2026.<\/p>\n\n\n\n<p>La <strong>Conferencia DEL 2026<\/strong> tendr\u00e1 lugar del <strong>11 al 13 de noviembre de 2026<\/strong> y ser\u00e1 organizada por <strong>Chav\u00f3n La Escuela de Dise\u00f1o<\/strong> en Santo Domingo y Altos de Chav\u00f3n, La Romana, Rep\u00fablica Dominicana.<\/p>\n\n\n\n<p>L<strong>a presentaci\u00f3n de trabajos est\u00e1\u00a0cerrada<\/strong><\/p>\n\n\n\n<div class=\"wp-block-buttons is-layout-flex wp-block-buttons-is-layout-flex\" style=\"padding-top:var(--wp--preset--spacing--20);padding-bottom:var(--wp--preset--spacing--20)\">\n<div class=\"wp-block-button is-style-primary\"><a class=\"wp-block-button__link has-nv-text-dark-bg-color has-neve-link-color-background-color has-text-color has-background has-link-color wp-element-button\" href=\"https:\/\/www.delconference.org\/2025\/del-in-between-pr-2025-2026\/\">M\u00e1s informaci\u00f3n sobre DEL 2026<\/a><\/div>\n<\/div>\n\n\n\n<div class=\"wp-block-buttons is-layout-flex wp-block-buttons-is-layout-flex\" style=\"padding-top:var(--wp--preset--spacing--20);padding-bottom:var(--wp--preset--spacing--20)\">\n<div class=\"wp-block-button is-style-default\"><a class=\"wp-block-button__link has-nv-text-dark-bg-color has-neve-link-color-background-color has-text-color has-background has-link-color wp-element-button\" href=\"https:\/\/www.delconference.org\/2025\/del-in-between-pr-2025-2026\/\">Inscr\u00edbase en DEL In Between (PR)<\/a><\/div>\n\n\n\n<div class=\"wp-block-button is-style-primary\"><a class=\"wp-block-button__link has-nv-text-dark-bg-color has-neve-link-color-background-color has-text-color has-background has-link-color wp-element-button\" href=\"https:\/\/mailchi.mp\/ac38ddd77840\/del-conference-newsletter-sign-up\">Suscr\u00edbase a nuestro bolet\u00edn informativo<\/a><\/div>\n<\/div>\n<\/div>\n<\/div>\n","protected":false},"excerpt":{"rendered":"<p>Temas emergentes en arte, dise\u00f1o, y educaci\u00f3n superior &nbsp;\ud83c\udf10 Translate to English DEL es una comunidad de pr\u00e1ctica, investigaci\u00f3n, docencia y aprendizaje. Organizamos la conferencia bienal DEL (la pr\u00f3xima est\u00e1&hellip;&nbsp;<a href=\"https:\/\/www.delconference.org\/2026\/home-espanol\/\" rel=\"bookmark\">Read More &raquo;<span class=\"screen-reader-text\">Home &#8211; espa\u00f1ol<\/span><\/a><\/p>\n","protected":false},"author":2,"featured_media":0,"parent":0,"menu_order":0,"comment_status":"closed","ping_status":"closed","template":"page-templates\/template-pagebuilder-full-width.php","meta":{"_monsterinsights_skip_tracking":false,"_monsterinsights_sitenote_active":false,"_monsterinsights_sitenote_note":"","_monsterinsights_sitenote_category":0,"neve_meta_sidebar":"","neve_meta_container":"","neve_meta_enable_content_width":"","neve_meta_content_width":0,"neve_meta_title_alignment":"","neve_meta_author_avatar":"","neve_post_elements_order":"","neve_meta_disable_header":"","neve_meta_disable_footer":"","neve_meta_disable_title":"","footnotes":""},"class_list":["post-2126","page","type-page","status-publish","hentry"],"_links":{"self":[{"href":"https:\/\/www.delconference.org\/2026\/wp-json\/wp\/v2\/pages\/2126","targetHints":{"allow":["GET"]}}],"collection":[{"href":"https:\/\/www.delconference.org\/2026\/wp-json\/wp\/v2\/pages"}],"about":[{"href":"https:\/\/www.delconference.org\/2026\/wp-json\/wp\/v2\/types\/page"}],"author":[{"embeddable":true,"href":"https:\/\/www.delconference.org\/2026\/wp-json\/wp\/v2\/users\/2"}],"replies":[{"embeddable":true,"href":"https:\/\/www.delconference.org\/2026\/wp-json\/wp\/v2\/comments?post=2126"}],"version-history":[{"count":8,"href":"https:\/\/www.delconference.org\/2026\/wp-json\/wp\/v2\/pages\/2126\/revisions"}],"predecessor-version":[{"id":2248,"href":"https:\/\/www.delconference.org\/2026\/wp-json\/wp\/v2\/pages\/2126\/revisions\/2248"}],"wp:attachment":[{"href":"https:\/\/www.delconference.org\/2026\/wp-json\/wp\/v2\/media?parent=2126"}],"curies":[{"name":"wp","href":"https:\/\/api.w.org\/{rel}","templated":true}]}}

Home &#8211; español

<div style="height:40px" aria-hidden="true" class="wp-block-spacer"></div>



<div class="wp-block-columns is-layout-flex wp-container-core-columns-is-layout-62db62f3 wp-block-columns-is-layout-flex" style="padding-top:0;padding-bottom:0">
<div class="wp-block-column is-layout-flow wp-block-column-is-layout-flow" style="padding-right:var(--wp--preset--spacing--30);padding-left:var(--wp--preset--spacing--30)">
<figure class="wp-block-image size-large"><img loading="lazy" decoding="async" width="1024" height="608" src="https://www.delconference.org/2026/wp-content/uploads/2026/01/DEL_Chavon_HomePage_Temp_Cropped-1024x608.png" alt="*Students from Chavón, La Escuela de Diseño, during a mindfulness breathing exercise, are introduced to theories about time and sound. Guided by Anabelle Grullón, a Chavón alumna. *Estudiantes de Chavón, de La Escuela de Diseño, durante un ejercicio de respiración de mindfulness que introduce teorías sobre tiempo y sonido. Guiado por Anabelle Grullón, egresada de Chavón." class="wp-image-2036" srcset="https://www.delconference.org/2026/wp-content/uploads/2026/01/DEL_Chavon_HomePage_Temp_Cropped-1024x608.png 1024w, https://www.delconference.org/2026/wp-content/uploads/2026/01/DEL_Chavon_HomePage_Temp_Cropped-300x178.png 300w, https://www.delconference.org/2026/wp-content/uploads/2026/01/DEL_Chavon_HomePage_Temp_Cropped-768x456.png 768w, https://www.delconference.org/2026/wp-content/uploads/2026/01/DEL_Chavon_HomePage_Temp_Cropped-1536x912.png 1536w, https://www.delconference.org/2026/wp-content/uploads/2026/01/DEL_Chavon_HomePage_Temp_Cropped.png 1920w" sizes="auto, (max-width: 1024px) 100vw, 1024px" /><figcaption class="wp-element-caption">Estudiantes de Chavón, de La Escuela de Diseño, durante un ejercicio de respiración de mindfulness que introduce teorías sobre tiempo y sonido. Guiado por Anabelle Grullón, egresada de Chavón.</figcaption></figure>
</div>



<div class="wp-block-column is-layout-flow wp-block-column-is-layout-flow" style="padding-top:0;padding-right:var(--wp--preset--spacing--30);padding-bottom:0;padding-left:var(--wp--preset--spacing--30)">
<h2 class="wp-block-heading">Temas emergentes en arte, diseño, y educación superior</h2>



<p class="has-text-align-left has-neve-link-color-color has-text-color has-link-color wp-elements-c30298299e913af522aab8ebb6a17e58">&nbsp;🌐 <strong><a href="https://www.delconference.org/2026/" data-type="page" data-id="491">Translate to English</a></strong></p>



<p>DEL es una comunidad de práctica, investigación, docencia y aprendizaje. Organizamos la conferencia bienal DEL (la próxima está prevista para noviembre de 2026) y seminarios web mensuales en línea, con revisión por pares, titulados DEL In Between<sup>PR</sup>. Damos la bienvenida a educadores, estudiantes, investigadores, técnicos, diseñadores instruccionales, artistas, creadores, historiadores del arte, especialistas en humanidades digitales y otros profesionales de todas las disciplinas creativas.</p>



<p>Inscríbase ahora en los próximos seminarios en línea DEL In Between<sup>PR</sup>, que se celebrarán mensualmente hasta mayo de 2026.</p>



<p>La <strong>Conferencia DEL 2026</strong> tendrá lugar del <strong>11 al 13 de noviembre de 2026</strong> y será organizada por <strong>Chavón La Escuela de Diseño</strong> en Santo Domingo y Altos de Chavón, La Romana, República Dominicana.</p>



<p>L<strong>a presentación de trabajos está cerrada</strong></p>



<div class="wp-block-buttons is-layout-flex wp-block-buttons-is-layout-flex" style="padding-top:var(--wp--preset--spacing--20);padding-bottom:var(--wp--preset--spacing--20)">
<div class="wp-block-button is-style-primary"><a class="wp-block-button__link has-nv-text-dark-bg-color has-neve-link-color-background-color has-text-color has-background has-link-color wp-element-button" href="https://www.delconference.org/2025/del-in-between-pr-2025-2026/">Más información sobre DEL 2026</a></div>
</div>



<div class="wp-block-buttons is-layout-flex wp-block-buttons-is-layout-flex" style="padding-top:var(--wp--preset--spacing--20);padding-bottom:var(--wp--preset--spacing--20)">
<div class="wp-block-button is-style-default"><a class="wp-block-button__link has-nv-text-dark-bg-color has-neve-link-color-background-color has-text-color has-background has-link-color wp-element-button" href="https://www.delconference.org/2025/del-in-between-pr-2025-2026/">Inscríbase en DEL In Between (PR)</a></div>



<div class="wp-block-button is-style-primary"><a class="wp-block-button__link has-nv-text-dark-bg-color has-neve-link-color-background-color has-text-color has-background has-link-color wp-element-button" href="https://mailchi.mp/ac38ddd77840/del-conference-newsletter-sign-up">Suscríbase a nuestro boletín informativo</a></div>
</div>
</div>
</div>

<p>Temas emergentes en arte, diseño, y educación superior &nbsp;🌐 Translate to English DEL es una comunidad de práctica, investigación, docencia y aprendizaje. Organizamos la conferencia bienal DEL (la próxima está&hellip;&nbsp;<a href="https://www.delconference.org/2026/home-espanol/" rel="bookmark">Read More &raquo;<span class="screen-reader-text">Home &#8211; español</span></a></p>
